e
Let i = -262190 + 438967. Is i prime?
True
Let f(g) be the second derivative of g**4/6 - 95*g**3/6 + 32*g**2 - 170*g. Is f(49) prime?
True
Is 1461431/24 - 43/(-1032) a composite number?
True
Suppose -3*t + 293*i + 781084 = 288*i, -t + 260368 = 5*i. Is t composite?
False
Let g = 19 - -26. Suppose -41*n = -g*n + 40. Suppose n*a - 34019 = 1691. Is a composite?
False
Let s(i) = -3*i**3 + 34*i**2 - 34*i - 20. Let y be s(17). Let k = y - -8278. Is k a prime number?
True
Let s(a) = -a. Let w(z) = 80*z - 19. Let u(x) = 81*x - 18. Let h(k) = 4*u(k) - 3*w(k). Let m(p) = -h(p) - 2*s(p). Is m(-11) a composite number?
True
Let i(d) = 186*d**2 - 5*d - 41. Suppose -578*z + 575*z - 24 = 0. Is i(z) composite?
False
Suppose 772165 = -30*o + 1674865 + 1357170. Is o a composite number?
False
Let v = -41491 - -65610. Is v a composite number?
True
Suppose 0 = 3*r - 47*f + 43*f - 59413, -4*r + 79230 = f. Is r a composite number?
True
Let v = -3056 - 7138. Let p be 33/(-55) - v/(-10). Let x = 827 - p. Is x a prime number?
True
Let g(j) = -721*j + 77. Let l(n) = 9 - 15*n - 165*n - 10 + 20. Let i(c) = -5*g(c) + 21*l(c). Is i(-5) a prime number?
False
Is (-647148)/(-24) - (7/2 - (0 + 2)) a prime number?
False
Let c(z) = -z**3 - 2*z**2 - 2*z - 1. Let n be c(-2). Suppose n*b = b + 56. Is (282/24)/(29/b + -1) a composite number?
True
Suppose 0 = 3*d - 4*x + 30, 0 = 3*x - 11 + 2. Let t(r) = -373*r - 15. Let b be t(d). Suppose -1768 = -4*a - l - l, -4*l = -5*a + b. Is a a prime number?
True
Let w be (0 - 1) + (-18)/12*-2. Let r be w - 5 - 10*(-4)/8. Suppose -k - 3*u = -1036, 2*k - r*u = k + 1041. Is k composite?
False
Let u(j) = j**2 - 8*j + 3. Let y be u(8). Suppose y*l - 135 = -9. Is 4419/21 - (-24)/l a composite number?
False
Let s(q) be the third derivative of -821*q**4/24 - 95*q**3/6 + 118*q**2. Is s(-6) a prime number?
True
Let g(w) = w**3 - 50*w**2 - 102*w - 1019. Is g(78) composite?
False
Let t = -121 + 125. Suppose 0 = -7*u + 3*u - j + 6592, 4*j - 6580 = -t*u. Is u a prime number?
False
Let j(s) = -s + 1. Let k be j(-3). Let n(r) = 5 + 63*r + 0 - 2 + 2. Is n(k) a prime number?
True
Suppose 36*b - 47770 - 31998 = -29404. Is b prime?
True
Let x be 4/(-22) + (-3176820)/(-110). Let m = x + -14203. Is m a composite number?
True
Let d = -54 + 32. Suppose -3*l = 3*f - 162, -l + 0*f = -4*f - 59. Let a = d + l. Is a a prime number?
False
Let y(b) = 2*b**3 + 2*b - 10572. Let z be y(0). Let k = -7245 - z. Is k a prime number?
False
Suppose -9*v + 3 = 39. Is -1 + 7 - (v - 1307) a prime number?
False
Is (-332943954)/(-3078) - 4/(-54) prime?
False
Let j = 937 + -935. Is (0 - (1467 + 6))/(-1 - j) a composite number?
False
Suppose 0 = 5*n + 5*y - 233 - 242, -4*n + 2*y + 392 = 0. Suppose j = 12*u - 16*u - 2, j - 4*u = 14. Suppose -4*a = -j*a + 2, n = 2*v + 5*a. Is v prime?
False
Let v = -20 + 20. Suppose 9*l = 4*l - z + 15, -4*l + 5*z = -12. Suppose -l*w = 5*m + 2*w - 25, v = 5*w + 10. Is m composite?
False
Let o = 771862 - 437417. Is o prime?
False
Suppose 0 = -312*g + 299*g + 88439. Is g prime?
True
Let h(s) = 326*s - 19. Let m be h(2). Suppose 0*g - 481 = -g + 3*c, -2*c - 2457 = -5*g. Let n = g + m. Is n prime?
False
Let d = 60045 + -26540. Is d a prime number?
False
Suppose 3640377 = 4362*u - 4323*u. Is u composite?
True
Let c be ((-18543)/28 - 7) + (-7)/(-28). Let k(z) = z - 8. Let h be k(10). Is (10/(-15))/h*c a composite number?
False
Let u(x) = 43*x**3 + 2*x - 1. Let g be u(1). Suppose -29*y = -g*y + 39495. Is y prime?
True
Suppose -3*t + 3 = -12. Suppose -g + t*h = -1483 - 1679, -5*g + 2*h = -15879. Suppose -6*a = 3*a - g. Is a a prime number?
True
Let d(c) = c**2 - 7*c - 83. Let p be d(-6). Is 24/(-132) - (-248472)/22 - p prime?
True
Suppose -14*r = -819 + 7. Let n = -54 + r. Suppose 20 = -n*q, -3*p + 1465 = -q - q. Is p prime?
False
Let a = -477 - -472. Is a/10 + 137940/8 + 3 composite?
True
Suppose -34*n + 2340246 + 6171416 = 0. Is n a composite number?
False
Let d = -190362 + 295429. Is d a composite number?
True
Let v be ((-9)/5)/(-3) - (-128)/20. Suppose 0*o + v*o + 770 = 0. Let w = 35 - o. Is w prime?
False
Let y(k) = k + 2. Let r(w) = -6718*w + 23. Let m(l) = r(l) - 4*y(l). Is m(-1) a prime number?
True
Let g(v) = -582*v - 13. Let q be (-120)/(-60)*8/(-2). Is g(q) composite?
False
Let r(m) = 2130*m + 87. Let p be r(12). Let k = p + -3150. Is k a prime number?
False
Is 22/33 - 5877110/(-6) a prime number?
True
Let r(k) = 3*k**3 - 6*k**2 + 7*k + 3. Let u(b) = -b**3 + 1. Let h be 3 + (0 + -2)/2. Let i(y) = h*u(y) + r(y). Is i(6) a composite number?
False
Let v(s) be the second derivative of -17*s**5/20 + 5*s**4/6 - 41*s**3/6 - 7*s**2/2 - 112*s. Is v(-11) a prime number?
True
Suppose -11*c - 51*c + 107345498 = 0. Is c a prime number?
False
Let y(u) = -81*u - 180*u - 117*u + u - 184 - 62. Is y(-17) prime?
True
Let m = 50 + -50. Suppose m*v = v. Suppose v = c - 523 + 114. Is c composite?
False
Is ((-3)/12)/(-9 - (-2115574)/235064) a prime number?
True
Let r = 179 - 177. Is 28240 - 2*5/r a composite number?
True
Is ((-162758)/(-3))/(4/6) a composite number?
True
Suppose 0 = -5*r - r + 29070. Let b be r - (-5 - -2)/(0 - -1). Suppose -3*m - 4*w - 1217 = -4*m, -4*w = 4*m - b. Is m composite?
False
Let w be ((-38)/6 - -1)/(2/(-54)). Suppose 8*h = 5*h + w. Suppose -h = -i + 359. Is i prime?
False
Let k be (-14)/(-5) + (-7)/(210/24). Suppose -2*y - 14*l + 9*l + 6502 = 0, 5*y = -k*l + 16255. Is y composite?
False
Let p(w) = 2*w**3 - 4*w**2 - 4*w - 4. Let y be p(3). Is (y - 13)/((-9)/11493) prime?
False
Suppose -80*a + 6*a = -41890586. Is a a composite number?
False
Suppose 9*k - 5*k - 21 = -p, -4*k + 144 = 4*p. Suppose 5*l + 45*i = p*i + 17973, 2*l - 3*i - 7180 = 0. Is l composite?
False
Let a(c) = 1633*c + 55. Is a(16) a prime number?
True
Let m be 4 + (-5)/((-35)/121702). Suppose -15*v + m = -5*v. Is v prime?
False
Suppose 19*a = 21*a - 5*h - 106212, -106218 = -2*a + 2*h. Suppose 5*u + 3*f = -0*u + 132746, 3*f + a = 2*u. Is u a prime number?
False
Let j = 122532 + -66871. Is j a composite number?
False
Suppose 3*l - 5*o = 38478, 98*o + 12805 = l + 94*o. Is l a composite number?
False
Let y = 412767 + -266746. Is y a prime number?
True
Suppose 3*z = 12*s - 7*s - 458636, 6 = -3*z. Is s prime?
False
Suppose -30510376 = -825*n + 721*n. Is n a prime number?
False
Suppose 70*p - 190*p + 2870160 = 0. Is p a prime number?
False
Let y be ((-5)/3)/(1/6*2). Let c be (20/8)/(y/(-4)). Suppose -c*w = -2811 + 113. Is w a composite number?
True
Suppose 2*k - 1066 = -5*j, -3*j - 5*k + 144 + 488 = 0. Suppose -241 = -g - 92. Let z = j - g. Is z a composite number?
True
Suppose -66*d + 4341627 + 4442258 = -11*d. Is d a prime number?
True
Suppose 26*m + 2*m - 84 = 0. Suppose -w - 5*c + 0*c = -5067, -m*w = 2*c - 15227. Is w a prime number?
True
Suppose 23 = 3*j + u, 2*u + 20 = 4*j + j. Let g(o) = 136*o**3 + 2*o**2 - 5*o - 11. Is g(j) prime?
False
Let f = 5015 + -2799. Suppose -9*i - 3*t = -5*i - f, -5*t + 2770 = 5*i. Is i a composite number?
True
Let n = 29 - 26. Suppose -4*r - y - 6 = 0, n*y = -r - 8 + 1. Is 177375/65 - (15/(-13) - r) composite?
False
Let r(z) = -3*z**2 + 35*z - 20. Let q be r(11). Is 1057 + (q/(-3))/(1/3) a composite number?
True
Suppose 151 = -5*f + 3*o, 4*f + o - 5*o + 124 = 0. Let m be ((-7)/4 - -1)*813856/f. Is ((-6)/(-9))/(16/m) a composite number?
False
Let z(k) = -14*k**3 - 120*k**2 - 54*k - 109. Is z(-48) prime?
True
Suppose 17*h - 14*h - 12 = 0. Suppose h*l = -55 + 63. Let w(q) = 32*q**3 - 2*q**2 - q + 5. Is w(l) composite?
False
Suppose -535571 = -3*y - 2*v, 0 = 19*y - 16*y - 4*v - 535601. Is y composite?
True
Let h(y) = -17*y**2 + 11*y + 12. Let m be h(9). Let i = m + 3533. Is i prime?
True
Is ((-6)/27)/(90/135) + 4913756/6 prime?
True
Let w(k) = 72*k**3 + k**2 + 8*k + 12. Let l be w(4). Suppose -a + l + 5639 = 0. Is a prime?
False
Let x(k) = -3*k**2 + 29*k. Let u(h) = -3*h**2 + 28*h + 2. Let w(g) = -3*u(g) + 2*x(g). Is w(19) a composite number?
True
Let u(y) = -21*y + 49*y - 21*y - 43 + 1029*y**2. Is u(3) a composite number?
False
Let y = 102 + -99. Suppose -8896 = y*t - 27637. Is t composite?
False
Suppose 5*c + 783005 = 5*z, -3*c + 342050 = 4*z - 284368. Is z a prime number?
False
Is (-1)/(-5)*(-1373770)/(-68)*6 prime?
False
Suppose -96*k - 69*k = -198*k + 922